{"id":8,"date":"2018-09-06T04:24:20","date_gmt":"2018-09-06T04:24:20","guid":{"rendered":"http:\/\/margom.com.gt\/web\/?page_id=8"},"modified":"2018-09-06T04:24:20","modified_gmt":"2018-09-06T04:24:20","slug":"quienes-somos","status":"publish","type":"page","link":"http:\/\/margom.com.gt\/web\/quienes-somos\/","title":{"rendered":"Quienes Somos"},"content":{"rendered":"<p><strong>Visi\u00f3n<\/strong><\/p>\n<p>Ser una empresa l\u00edder en la consultor\u00eda de Talento Humano y Tecnolog\u00eda de la Informaci\u00f3n en Guatemala, brindando un excelente servicio y atenci\u00f3n a todos nuestros clientes.<\/p>\n<p>&nbsp;<\/p>\n<p><strong>Misi\u00f3n<\/strong><\/p>\n<p>Proporcionar a nuestros clientes innovaci\u00f3n continua en sus procesos de Talento Humano y Tecnolog\u00eda de la Informaci\u00f3n, a trav\u00e9s de herramientas avanzadas que les permita optimizar sus recursos y obtener los mejores resultados.<\/p>\n<p>&nbsp;<\/p>\n<p><strong>Valores<\/strong><\/p>\n<p style=\"padding-left: 30px;\"><strong>Excelencia<\/strong><\/p>\n<p style=\"padding-left: 60px;\">Sobrepasar las expectativas de calidad en todos nuestros servicios.<\/p>\n<p style=\"padding-left: 30px;\"><strong>Responsabilidad<\/strong><\/p>\n<p style=\"padding-left: 60px;\">Cumplir en tiempo y forma con los requerimientos de nuestros clientes.<\/p>\n<p style=\"padding-left: 30px;\">\u00a0<strong>Trabajo en equipo<\/strong><\/p>\n<p style=\"padding-left: 60px;\">Trabajar de forma conjunta con nuestros colaboradores para lograr los mejores resultados.<\/p>\n<p style=\"padding-left: 30px;\">\u00a0<strong>Lealtad<\/strong><\/p>\n<p style=\"padding-left: 60px;\">Mantener altos est\u00e1ndares de lealtad con nuestros colaboradores y clientes para satisfacer sus necesidades en todo tiempo.<\/p>\n","protected":false},"excerpt":{"rendered":"<div class=\"slide-text-bg2\"><span>Visi\u00f3n Ser una empresa l\u00edder en la consultor\u00eda de Talento Humano y Tecnolog\u00eda de la Informaci\u00f3n en Guatemala, brindando un excelente servicio y atenci<\/span><\/div>\n<div class=\"slide-btn-area-sm\"><a href=\"http:\/\/margom.com.gt\/web\/quienes-somos\/\" class=\"slide-btn-sm\">Leer m\u00e1s<\/a><\/div>\n","protected":false},"author":1,"featured_media":0,"parent":0,"menu_order":0,"comment_status":"closed","ping_status":"closed","template":"","meta":[],"_links":{"self":[{"href":"http:\/\/margom.com.gt\/web\/wp-json\/wp\/v2\/pages\/8"}],"collection":[{"href":"http:\/\/margom.com.gt\/web\/wp-json\/wp\/v2\/pages"}],"about":[{"href":"http:\/\/margom.com.gt\/web\/wp-json\/wp\/v2\/types\/page"}],"author":[{"embeddable":true,"href":"http:\/\/margom.com.gt\/web\/wp-json\/wp\/v2\/users\/1"}],"replies":[{"embeddable":true,"href":"http:\/\/margom.com.gt\/web\/wp-json\/wp\/v2\/comments?post=8"}],"version-history":[{"count":1,"href":"http:\/\/margom.com.gt\/web\/wp-json\/wp\/v2\/pages\/8\/revisions"}],"predecessor-version":[{"id":9,"href":"http:\/\/margom.com.gt\/web\/wp-json\/wp\/v2\/pages\/8\/revisions\/9"}],"wp:attachment":[{"href":"http:\/\/margom.com.gt\/web\/wp-json\/wp\/v2\/media?parent=8"}],"curies":[{"name":"wp","href":"https:\/\/api.w.org\/{rel}","templated":true}]}}